o base 8
1236571
-1000120021 (base 3) to base 15
-5e4a
What is -3748b (base 13) in base 16?
-18ddd
What is -524752 (base 9) in base 12?
-1305b5
What is -360d5 (base 15) in base 6?
-3405445
Convert 4110231210 (base 5) to base 11.
475207a
Convert -19a5952 (base 11) to base 14.
-63c07d
What is -12753 (base 10) in base 7?
-52116
1083690 (base 12) to base 7
35562036
10114351 (base 8) to base 2
1000001001100011101001
-491c14 (base 16) to base 11
-2782872
Convert -2b1bd8 (base 16) to base 9.
-5275364
Convert -1000100000100111 (base 2) to base 3.
-1202210221
Convert -5544 (base 8) to base 15.
-ce6
Convert 103203133 (base 4) to base 7.
452341
-ba98 (base 13) to base 10
-25982
What is -21151453 (base 7) in base 6?
-102242044
2c543 (base 14) to base 12
54153
55502454 (base 6) to base 9
3128147
What is 3010101343 (base 5) in base 11?
33984a1
-2501 (base 11) to base 10
-3268
What is 38c2b (base 13) in base 6?
2131340
15413113 (base 6) to base 8
2053005
10101120000200 (base 3) to base 16
1b7f7a
-1263d2 (base 15) to base 13
-24b459
2577891 (base 10) to base 12
a43a03
What is -301562 (base 7) in base 11?
-353a2
-3134620 (base 7) to base 10
-378637
-212413203 (base 7) to base 13
-281306a
-325550053 (base 6) to base 16
-59ae91
What is -2c5059 (base 16) in base 15?
-3c5753
Convert 110110101000010001000 (base 2) to base 6.
102211240
What is 12303121012 (base 4) in base 15?
253611
-200313121 (base 4) to base 16
-20dd9
Convert -4111003 (base 7) to base 14.
-ca8aa
Convert -1500112 (base 9) to base 8.
-3116632
What is 110000111110000000011100 (base 2) in base 14?
19c224c
What is 847673 (base 9) in base 13?
1486c8
What is -515527 (base 8) in base 11?
-107399
-220101112000 (base 3) to base 4
-1311030330
What is -146376 (base 8) in base 13?
-1ab6a
Convert -1b45a3 (base 13) to base 15.
-daeda
-372612 (base 11) to base 9
-1087010
What is -525930 (base 12) in base 8?
-4742364
ab709 (base 12) to base 16
37839
-20432141 (base 6) to base 15
-bb607
Convert -379375 (base 11) to base 16.
-92030
What is 101030523 (base 6) in base 10?
1730355
Convert -604315 (base 7) to base 14.
-29445
22202000100 (base 3) to base 13
6040b
What is -7987d (base 14) in base 10?
-295287
Convert -20121121011221 (base 3) to base 7.
-41610616
What is -175c80 (base 16) in base 3?
-2212210011000
Convert -258318 (base 12) to base 2.
-10010110010011000100
What is 1c91ba4 (base 13) in base 14?
13a5d92
Convert -3a182a (base 11) to base 9.
-1162714
-1000000010011111 (base 2) to base 6
-412235
What is 9cba0 (base 14) in base 7?
3144460
Convert 53903a (base 11) to base 8.
3222020
Convert -43354430 (base 6) to base 12.
-522a16
447924 (base 12) to base 4
10022201230
16089b4 (base 14) to base 10
10780354
12124400 (base 5) to base 13
40082
Convert 42036154 (base 8) to base 13.
1b07b73
Convert 4b71b1 (base 13) to base 3.
10102012202112
What is 1021200112110 (base 3) in base 5?
133321414
Convert 2570 (base 9) to base 13.
b52
-101010101010001011 (base 2) to base 10
-174731
-1001101011111110 (base 2) to base 6
-503410
-118108 (base 11) to base 14
-4bd53
What is 234749 (base 10) in base 16?
394fd
11526003 (base 7) to base 15
155c10
What is 134512100 (base 6) in base 15?
393c7c
Convert -1b373 (base 14) to base 8.
-207251
What is -11110010110111001010 (base 2) in base 10?
-994762
What is -10111100111101 (base 2) in base 13?
-5673
Convert -316477 (base 8) to base 4.
-121310333
Convert 37986 (base 14) to base 12.
66a96
Convert 14310421 (base 7) to base 9.
2472867
Convert -54a852 (base 14) to base 16.
-2bd238
Convert -377bc (base 15) to base 16.
-2b464
What is -a25ca2 (base 13) in base 12?
-1325425
Convert acdd60 (base 15) to base 13.
192a374
Convert -196c7 (base 13) to base 7.
-264230
What is 12210133023 (base 4) in base 13?
483c2a
Convert -1818477 (base 10) to base 13.
-4b892b
Convert 50083 (base 13) to base 8.
427100
254056 (base 8) to base 9
143770
Convert -2000012221201 (base 3) to base 8.
-4044325
Convert -aaa22 (base 15) to base 12.
-2219a2
What is -188a98 (base 14) in base 2?
-11010100001101001110
Convert -11110000101011111010 (base 2) to base 16.
-f0afa
-78520 (base 11) to base 16
-1bc62
What is -4315524 (base 9) in base 16?
-234d48
4840a (base 16) to base 9
500858
What is 111110010100010000 (base 2) in base 11?
164854
5603474 (base 8) to base 6
52202540
What is -2b59e0 (base 16) in base 2?
-1010110101100111100000
Convert -1012222201102 (base 3) to base 12.
-273932
1055356 (base 8) to base 11
185495
What is 2b684 (base 13) in base 7?
462160
Convert -317020 (base 10) to base 4.
-1031121130
-588a (base 14) to base 9
-23122
Convert 28754a5 (base 12) to base 4.
132331231331
Convert 3609a (base 11) to base 6.
1040454
1010110000010111001011 (base 2) to base 6
140233215
What is 273513 (base 13) in base 4?
3213323031
26830 (base 14) to base 15
1d1c1
Convert -837954 (base 12) to base 6.
-112142144
What is -14627 (base 11) in base 16?
-50f0
What is -541225 (base 6) in base 10?
-44369
-2231231001 (base 4) to base 9
-1303873
What is -1121100200220 (base 3) in base 6?
-30143040
-160514 (base 7) to base 15
-94ce
Convert -2234ed (base 15) to base 10.
-1631248
What is 60260 (base 8) in base 3?
1020221202
-10101443411 (base 5) to base 9
-21146374
Convert -201220110102 (base 3) to base 4.
-1133222000
1003101110 (base 4) to base 16
43454
Convert 63931a5 (base 11) to base 16.
aba385
Convert -9c6d (base 15) to base 8.
-100632
What is -2650a85 (base 12) in base 7?
-121226333
What is 272424 (base 8) in base 7?
545310
What is 190a457 (base 12) in base 3?
100212101120211
What is -1509850 (base 11) in base 3?
-11212120120012
Convert 79a275 (base 11) to base 16.
136bb8
What is 3444062 (base 8) in base 14?
1a5162
Convert 2222303424 (base 5) to base 3.
100012011202220
What is -6785283 (base 11) in base 2?
-101101010100100110000111
Convert 11074240 (base 8) to base 2.
1001000111100010100000
What is -295869 (base 10) in base 6?
-10201433
What is 2522350 (base 8) in base 11?
437110
Convert c940 (base 15) to base 6.
525053
Convert -b68 (base 13) to base 4.
-132121
What is 3100120 (base 4) in base 6?
141424
101111001010101000 (base 2) to base 8
571250
What is -2200212202211 (base 3) in base 16?
-15e389
-125c71 (base 13) to base 3
-211102122121
62cd7 (base 14) to base 13
84751
Convert 145580 (base 9) to base 7.
521454
Convert 1001111101100110111 (base 2) to base 5.
40421310
What is -2210010121 (base 3) in base 8?
-152764
What is -7a218b (base 13) in base 15?
-3c1179
-511104011 (base 6) to base 15
-b779b4
-205764 (base 8) to base 11
-475a0
-2313342 (base 6) to base 10
-118718
Convert -3a2609 (base 12) to base 6.
-32312013
What is 45b197 (base 13) in base 2?
110010011011011010101
What is -59389 (base 16) in base 9?
-616264
-1233043 (base 5) to base 4
-11321110
Convert -3231020 (base 6) to base 8.
-467624
Convert -254415 (base 9) to base 14.
-40273
Convert 274323 (base 11) to base 8.
1510335
-c3aa (base 15) to base 12
-1bb07
What is 123202213010 (base 4) in base 15?
979252
Convert -28bb81 (base 13) to base 7.
-11322206
Convert -eb796 (base 16) to base 3.
-1211000001022
What is 3044756 (base 8) in base 9?
1456662
3c2bd8 (base 14) to base 16
1fc5fa
What is 332236 (base 7) in base 4?
32101003
What is 33a49 (base 12) in base 14?
1b169
-163224 (base 10) to base 4
-213312120
-3222303133 (base 4) to base 3
-1210212021201
Convert 236ce (base 15) to base 5.
12103134
Convert -100543515 (base 6) to base 14.
-32c67d
What is 1122303102 (base 4) in base 13?
100395
-1255378 (base 10) to base 6
-42523534
What is 1201130332 (base 4) in base 2?
1100001011100111110
10140401 (base 5) to base 6
1444111
-200156 (base 7) to base 11
-23360
Convert -1857585 (base 10) to base 2.
-111000101100000110001
Convert -861a8 (base 13) to base 14.
-64281
What is 11101110001011000100101 (base 2) in base 6?
435135421
Convert -cb13 (base 14) to base 12.
-18391
-35341 (base 12) to base 11
-49655
7297a (base 12) to base 13
53374
57574466 (base 8) to base 10
12515638
18b7 (base 15) to base 8
12343
What is -110100110100001110 (base 2) in base 5?
-23410314
What is -77bcc (base 16) in base 10?
-490444
10000010001011100110001 (base 2) to base 8
20213461
Convert 4414201 (base 5) to base 16.
12990
Convert -22022 (base 14) to base 15.
-19600
Convert -233301320 (base 4) to base 12.
-95308
121103320